 What is the units digit of u?
2
Let a be 1/((-1353)/(-339) + -4). Let y = 116 - a. Let b = y - 124. What is the hundreds digit of b?
1
Suppose 288 - 2388 = -5*v. Let d be 10*1 + (8 - (-7 + 16)). Suppose d*l - 14*l + v = 0. What is the tens digit of l?
8
Let g = -3158 + 17594. What is the tens digit of g?
3
Suppose -2*j + 93 - 149 = -3*g, 5*j - 10 = 0. Suppose -2*d = 2, g*i = 16*i + 5*d + 1685. What is the units digit of i?
0
Let w = 12 + -13. Let v be 0 + 4 + (w - 2)/3. Suppose 0 = 5*t - 3*q - 396, -q = v*t + q - 249. What is the tens digit of t?
8
Let v(r) = 23*r + 3. Let m = 52 + -48. Let h be v(m). Suppose 0 = -55*q + 56*q - h. What is the units digit of q?
5
Let i(o) = o**3 - 2*o**2 - 14*o - 8. Let d be i(5). Let f(j) = 114*j**2 + 11*j - 7. What is the units digit of f(d)?
6
Let b(g) = 177*g**2 - 7*g - 4. Let s(k) = 178*k**2 - 6*k - 4. Let j(r) = -3*b(r) + 4*s(r). Suppose -4*w - 256 = -252. What is the tens digit of j(w)?
8
What is the tens digit of (-12)/(-2) - (-24 + -7580)?
1
Suppose -z = 3*z - 224. Suppose 50*q + 1530 = 67*q. Let a = q - z. What is the tens digit of a?
3
What is the tens digit of 14731 - ((-243)/(-27) - 31)?
5
Suppose -2*p = 5*g - 57, -11*g + 2*p = -6*g - 73. Suppose 668 = g*l - 216. What is the tens digit of l?
6
Let q be (-3 - 492/(-2)) + -3. Let f = -124 + q. What is the units digit of f?
6
Suppose 79368*w = 79371*w - 95505. What is the hundreds digit of w?
8
Suppose 5*h - 5*w = -49 - 436, 383 = -4*h + 5*w. Let g = -85 - -41. Let r = g - h. What is the units digit of r?
8
Let r be -3 - 0/4 - 2. Let f be (-9)/(r/10*3). What is the tens digit of (-1 - -4)*400/f?
0
Let g be ((-20)/5 - -7)*10/6. Suppose g*i + 4*m - 3812 = 0, 3*i - 4*m - 2021 = 279. What is the units digit of i?
4
Let b = 72 + -70. Let d be 21/b*32/(-24). What is the tens digit of (-175)/d*18/5?
4
Let s be ((-8888)/10)/(-1 - (-9)/15). Suppose 5*u - j = 3841, j = 3*u - s - 83. What is the hundreds digit of u?
7
Let g(a) = a**2 - 5*a - 38. Let z = 160 + -149. What is the tens digit of g(z)?
2
What is the units digit of ((-22)/77)/((-34)/818958)?
2
What is the units digit of -3490*(-13*12/30 + 5)?
8
Let h = 5787 + -5670. What is the units digit of h?
7
Suppose 117*z - 4248361 + 1305472 = 2590041. What is the thousands digit of z?
7
What is the units digit of (106600/1625)/((-2)/(-740))?
2
Suppose -13*o - 4*u = -11*o - 13892, 3*u = -2*o + 13894. What is the units digit of o?
0
Let u = -71 + -147. Let d = -9 - u. What is the units digit of d?
9
Let q(a) be the first derivative of -a**3/3 + 15*a**2/2 - 27*a + 78. Let r(v) = 13*v**3 - 2*v + 1. Let m be r(1). What is the units digit of q(m)?
9
What is the ten thousands digit of 6/1*(122344/48 - -2)?
1
Suppose -44 + 34 = -10*l. What is the tens digit of (-1)/l - 5/((-25)/5190)?
3
Suppose -3*v + 1634 = 2*w, -3*w = 2*v - 7*v + 2736. Let f = v + -323. What is the units digit of f?
3
Suppose -9*l + 365 = -4090. Suppose -l = 24*b - 13551. What is the units digit of b?
4
Let t be 12/2*6/9. Suppose -344 = -2*o - 4*c, 7*o + t*c - 170 = 6*o. What is the units digit of o?
4
Let m = -32 - -36. Suppose -2*p - 2*t + m*t = -138, -15 = -3*t. Let z = p - 5. What is the tens digit of z?
6
Suppose -12 = 4*j - 8*j. Suppose -s - j*f + 149 = 0, s + f = 207 - 62. Let a = s + -63. What is the tens digit of a?
8
Suppose 7*q = 39*q + 8*q - 323680. What is the thousands digit of q?
8
Let b(v) = -3*v**2 + 9. Let p(d) = d**3 - 2*d**2 - 7*d + 1. Let k be p(4). Let y be b(k). Let f = y + 85. What is the tens digit of f?
1
What is the hundreds digit of 178530/(30 + -15) + ((-2)/1 - -7)?
9
Let i = 3368 + 19355. What is the thousands digit of i?
2
Let v(y) = -12*y + 389. Let f be v(34). Let t(g) = g**3 + 22*g**2 - 3*g - 49. What is the units digit of t(f)?
1
Let g(d) = 7*d - 139. Let j be g(22). Let p(x) = 19*x - 144. What is the hundreds digit of p(j)?
1
Let m(v) = -2*v**2 - 6*v + 29. Let b(z) = -2*z**2 - 6*z + 28. Let h(t) = -5*b(t) + 4*m(t). What is the tens digit of h(-14)?
8
Suppose -5 = 3*g - 8. What is the tens digit of (19 - 10) + -4 - (-417)/g?
2
Let u(g) = 24 - 2*g + g**3 - 2*g**3 + 2*g**3 - 5*g**2 + 7*g**2. Let p be u(0). What is the units digit of ((-7)/((-112)/108) - 0)*p?
2
Suppose 184*j + 117*j - 2964756 = 87*j. What is the tens digit of j?
5
Let d(r) = 34*r**3 + 10*r**2 - 10*r - 5. What is the tens digit of d(6)?
3
Let c = -205 + 210. Suppose -4*m + 737 = 3*q - 2*q, 5*m = -c*q + 3745. What is the hundreds digit of q?
7
Let w = 212 - -918. What is the hundreds digit of w?
1
Let l(g) = -100*g - 36. Let i be l(-2). Let o = i - -389. What is the units digit of o?
3
What is the tens digit of (-4)/10 - (-110639)/10 - (-15)/30?
6
Let f be (-9)/12 + 377130/24. Suppose -12*v - f = -31*v. What is the tens digit of v?
2
Let p = -313 - -568. What is the tens digit of (-5 - 1) + (p - 2)?
4
Suppose -4*o - 3*h + 607 = 0, -193*o + 191*o + 281 = -3*h. Suppose 77 = q - 3*q - 5*p, 4*q = -3*p - 147. Let x = o + q. What is the tens digit of x?
1
What is the units digit of (946 - 947)/((-26306)/(-26308) - 1)?
4
Suppose 205696 - 19840 = 96*x. What is the tens digit of x?
3
Let k(y) = -y**3 + 22*y**2 + 3*y + 19. Let c = -21 - -43. Let u be k(c). Let m = 11 + u. What is the tens digit of m?
9
Let h(s) = -4*s - 7 + 380*s**2 + 471*s**2 + 11*s - 228*s**2. What is the tens digit of h(1)?
2
Let w = -356 - -229. Suppose -3*j = -6, -2*j = 277*q - 281*q + 716. Let b = q + w. What is the tens digit of b?
5
Let b be ((-72)/(-20) + -4)/(2/5). Let s(r) = -397*r + 6. What is the hundreds digit of s(b)?
4
Suppose 14881 = 10*k - 30759. What is the units digit of k?
4
Let o(k) = 4*k**2 - 14*k - 18. Let p(a) = -3*a**2 + 2 + 14*a - a + 17. Let j(l) = 4*o(l) + 5*p(l). What is the units digit of j(-14)?
3
Let q(x) = x**3 + 5*x**2 + x + 3. Let i be q(-4). Suppose -58*c + 30*c + 2 = 2. Suppose -3*v + 205 + i = j, 2*j + 2*v - 444 = c. What is the tens digit of j?
2
Let p(t) = 11*t - 112. Let q be p(10). What is the units digit of (-5 + 0 + q)*(-11376)/84?
8
Let m = -7 - -4. What is the tens digit of (170/(15/m))/(4/(-6))?
5
Suppose 5*i - 1 = -7*g + 6*g, 3*g = -4*i + 14. Suppose g*p = 795 - 111. What is the units digit of p?
4
Let d(j) = -3*j**2 + 37*j - 30. Let r be d(24). Let f = -505 - r. What is the hundreds digit of f?
3
What is the units digit of ((-48)/27)/(20/(-77130))?
6
What is the hundreds digit of 110/(-176)*8 - -18820?
8
Let w be (6/5)/(14/11865). Let c = w + -221. What is the tens digit of c?
9
Let o(g) = -g**3 - 22*g**2 + 66*g + 113. What is the units digit of o(-31)?
6
Let g be ((-19)/(-3) + 2/(-6))*-2. What is the hundreds digit of ((-9)/6)/(g/1944)?
2
Let p(h) = 14*h**2 + 11*h - 467. What is the tens digit of p(-22)?
6
Let w = -79 - -87. Suppose 0 = 82*t - 86*t + w. Suppose t*y + 2*x = 7*y - 1105, -5*x + 221 = y. What is the hundreds digit of y?
2
What is the hundreds digit of (-2 - 3/(-2)) + 410685/110?
7
Let z = 59 - 95. Let v be (z/(-14))/(6/28). What is the tens digit of 1/6 - (-190)/v?
1
Let x = 60 + -122. Suppose -2*i + 5*i = -63. Let f = i - x. What is the tens digit of f?
4
Let a = 24191 - -3803. What is the units digit of a?
4
Let n(z) be the second derivative of z**4/12 - 25*z**3/6 + 137*z**2/2 + 33*z - 1. What is the units digit of n(8)?
1
Suppose -5*o = 3*d - 27, o = 4*o - d - 5. Suppose -a + 81 = -b - 4*b, -b + o = 0. What is the units digit of a?
6
Let g = -112 - -184. Suppose o + 23 = -l - 16, 162 = -4*o - 2*l. Let r = o + g. What is the units digit of r?
0
Let s(q) = -13*q - 218. Let h be s(-17). Suppose 3*u + 1494 = 2*r - 1532, h*r - 2*u - 4544 = 0. What is the hundreds digit of r?
5
Let v = -1363 - -3657. What is the tens digit of v?
9
Let c = 81 - 10. Suppose -66*p + c*p = 45. Suppose -10*t + 40 = -p*t. What is the units digit of t?
0
Let m(d) = d - 3. Let k be m(3). Let f be 3 + (2 - 1)*(-2)/(-2). Suppose -w + 6*w - h - 235 = k, h = f*w - 187. What is the units digit of w?
8
Suppose 109*h - 20348580 = -311*h. What is the tens digit of h?
4
Suppose 19*p - 18*p - 2 = 0. Suppose 5*j + 3*a = 5*a - 329, j = p*a - 69. Let d = j + 71. What is the units digit of d?
6
Let y(v) = -v**3 + 89*v**2 - 309*v - 487. What is the thousands digit of y(85)?
2
Let f be 4/(-4)*(-6 + 3). Let d(o) = -14*o**2 + 11*o + 6. Let h(k) = -k**2 + k + 1. Let a(x) = -